alculate the greatest common divisor of 29 and 551.
29
What is the greatest common factor of 96 and 1696?
32
What is the greatest common divisor of 11 and 11?
11
What is the greatest common divisor of 402 and 335?
67
Calculate the highest common factor of 216 and 675.
27
Calculate the greatest common divisor of 37 and 703.
37
Calculate the greatest common divisor of 1467 and 815.
163
What is the highest common factor of 162 and 4?
2
Calculate the highest common factor of 399 and 42.
21
What is the greatest common factor of 31 and 403?
31
Calculate the greatest common divisor of 1007 and 19.
19
Calculate the greatest common factor of 7347 and 155.
31
What is the highest common factor of 7348 and 1670?
334
Calculate the highest common factor of 912 and 741.
57
Calculate the highest common divisor of 5214 and 42.
6
What is the greatest common divisor of 345 and 138?
69
Calculate the highest common divisor of 65 and 1040.
65
What is the greatest common factor of 40 and 325?
5
What is the highest common factor of 10 and 320?
10
What is the highest common divisor of 170 and 10?
10
What is the highest common factor of 424 and 392?
8
What is the highest common factor of 18 and 1041?
3
Calculate the highest common divisor of 24 and 84.
12
What is the highest common divisor of 30 and 354?
6
What is the highest common factor of 297 and 308?
11
Calculate the highest common factor of 1629 and 189.
9
Calculate the highest common factor of 3502 and 1442.
206
What is the greatest common factor of 184 and 1012?
92
What is the greatest common factor of 1328 and 83?
83
What is the greatest common factor of 39 and 1443?
39
Calculate the greatest common divisor of 36 and 4014.
18
What is the greatest common divisor of 1917 and 71?
71
What is the greatest common factor of 20 and 17060?
20
What is the greatest common divisor of 2033 and 190?
19
What is the highest common divisor of 741 and 78?
39
Calculate the highest common divisor of 1558 and 38.
38
What is the greatest common divisor of 8614 and 354?
118
What is the greatest common divisor of 504 and 315?
63
Calculate the greatest common divisor of 844 and 28.
4
Calculate the highest common divisor of 264 and 16.
8
Calculate the greatest common factor of 1035 and 460.
115
What is the greatest common factor of 38034 and 54?
18
What is the highest common factor of 8749 and 13?
13
What is the greatest common factor of 8 and 6?
2
Calculate the greatest common divisor of 318 and 150.
6
What is the greatest common factor of 38513 and 19?
19
What is the greatest common factor of 52 and 4316?
52
What is the highest common factor of 969 and 408?
51
What is the greatest common factor of 72 and 2?
2
What is the highest common divisor of 1070 and 10?
10
Calculate the greatest common factor of 5763 and 153.
51
Calculate the greatest common factor of 891 and 81.
81
Calculate the greatest common divisor of 61 and 2257.
61
What is the highest common factor of 201 and 21?
3
Calculate the highest common factor of 7500 and 240.
60
What is the greatest common factor of 27 and 5?
1
What is the greatest common divisor of 905 and 5?
5
What is the greatest common factor of 5 and 685?
5
What is the greatest common divisor of 8847 and 9?
9
Calculate the highest common factor of 11024 and 208.
208
What is the greatest common factor of 136 and 16?
8
What is the highest common divisor of 16 and 392?
8
What is the highest common divisor of 506 and 138?
46
What is the greatest common factor of 325 and 25?
25
Calculate the highest common divisor of 2356 and 304.
76
Calculate the highest common factor of 3834 and 54.
54
Calculate the greatest common factor of 2555 and 35.
35
Calculate the greatest common factor of 750 and 50.
50
What is the highest common divisor of 2938 and 1130?
226
What is the highest common factor of 84 and 1708?
28
Calculate the greatest common divisor of 248 and 46.
2
Calculate the highest common divisor of 91180 and 47.
47
Calculate the greatest common factor of 41 and 451.
41
What is the greatest common factor of 19065 and 31?
31
Calculate the highest common divisor of 80 and 4080.
80
Calculate the highest common divisor of 124 and 164.
4
Calculate the greatest common factor of 290 and 406.
58
What is the highest common factor of 43 and 1591?
43
Calculate the highest common divisor of 45 and 1695.
15
What is the highest common factor of 216 and 297?
27
Calculate the greatest common factor of 21 and 237.
3
Calculate the greatest common factor of 391 and 17.
17
Calculate the greatest common factor of 205 and 451.
41
Calculate the greatest common divisor of 80752 and 103.
103
Calculate the greatest common factor of 3 and 189.
3
What is the highest common divisor of 1827 and 3915?
261
Calculate the highest common divisor of 5 and 150.
5
Calculate the greatest common divisor of 138 and 161.
23
Calculate the highest common divisor of 67 and 9313.
67
Calculate the greatest common factor of 680 and 85.
85
What is the greatest common factor of 19 and 1?
1
Calculate the highest common factor of 108 and 1728.
108
Calculate the greatest common factor of 195 and 60.
15
What is the greatest common factor of 364 and 308?
28
What is the highest common divisor of 112 and 10192?
112
Calculate the greatest common divisor of 510 and 525.
15
Calculate the greatest common divisor of 81 and 135.
27
What is the greatest common divisor of 5 and 2?
1
What is the greatest common divisor of 50 and 11225?
25
What is the greatest common divisor of 36 and 234?
18
What is the highest common divisor of 45891 and 9?
9
What is the highest common divisor of 180 and 315?
45
Calculate the highest common factor of 12424 and 8.
8
Calculate the highest common factor of 138 and 20562.
138
What is the greatest common divisor of 247 and 13?
13
What is the highest common divisor of 200 and 425?
25
What is the highest common divisor of 96 and 360?
24
What is the greatest common divisor of 33 and 1067?
11
Calculate the greatest common factor of 176 and 66.
22
What is the greatest common factor of 211 and 3587?
211
What is the greatest common divisor of 9514 and 71?
71
Calculate the greatest common divisor of 2916 and 12.
12
What is the highest common factor of 273 and 9009?
273
Calculate the greatest common divisor of 85080 and 30.
30
What is the greatest common divisor of 186 and 1023?
93
What is the highest common divisor of 63580 and 220?
220
What is the greatest common factor of 1835 and 15?
5
Calculate the highest common divisor of 85 and 25.
5
Calculate the greatest common factor of 8700 and 145.
145
Calculate the highest common factor of 80 and 70.
10
Calculate the greatest common factor of 160 and 1256.
8
What is the highest common factor of 170 and 30?
10
Calculate the greatest common factor of 60 and 1824.
12
Calculate the highest common factor of 5974 and 206.
206
Calculate the highest common factor of 8 and 134.
2
Calculate the highest common factor of 240 and 48.
48
Calculate the greatest common divisor of 1617 and 330.
33
Calculate the highest common divisor of 4732 and 28.
28
What is the greatest common factor of 81 and 9?
9
What is the greatest common divisor of 10706 and 106?
106
What is the highest common divisor of 1025 and 697?
41
What is the highest common divisor of 54 and 558?
18
Calculate the highest common divisor of 78 and 9984.
78
Calculate the greatest common divisor of 2992 and 7106.
374
What is the highest common divisor of 132 and 55?
11
What is the highest common factor of 27 and 81?
27
Calculate the highest common factor of 384 and 1248.
96
What is the highest common factor of 310 and 70?
10
Calculate the highest common factor of 1404 and 52.
52
What is the highest common divisor of 247 and 95?
19
What is the highest common divisor of 100 and 8?
4
What is the highest common divisor of 68 and 1666?
34
Calculate the highest common factor of 226 and 30623.
113
What is the greatest common factor of 254 and 14097?
127
Calculate the highest common factor of 2 and 17.
1
What is the greatest common factor of 2385 and 405?
45
Calculate the greatest common divisor of 96 and 236.
4
What is the greatest common factor of 1309 and 2057?
187
What is the highest common divisor of 2208 and 23?
23
What is the greatest common divisor of 266 and 226